nd 799?
17
Calculate the highest common factor of 126 and 14.
14
Calculate the greatest common factor of 596 and 745.
149
Calculate the greatest common factor of 4 and 1868.
4
What is the highest common factor of 165 and 363?
33
What is the greatest common factor of 106 and 55597?
53
What is the highest common factor of 19 and 1539?
19
Calculate the highest common factor of 70 and 294.
14
What is the highest common divisor of 15 and 25?
5
Calculate the greatest common divisor of 338 and 52.
26
What is the highest common factor of 184 and 138?
46
What is the highest common factor of 184 and 72?
8
What is the greatest common factor of 156 and 744?
12
What is the highest common factor of 464 and 16?
16
Calculate the greatest common factor of 580 and 520.
20
Calculate the greatest common divisor of 37 and 2.
1
What is the highest common divisor of 192 and 78?
6
What is the greatest common factor of 70 and 30?
10
Calculate the greatest common divisor of 27 and 296.
1
Calculate the highest common factor of 22 and 506.
22
What is the highest common factor of 1524 and 12?
12
What is the highest common divisor of 56 and 140?
28
Calculate the highest common factor of 1805 and 19.
19
What is the highest common divisor of 22 and 748?
22
What is the highest common factor of 4 and 1676?
4
What is the greatest common divisor of 22 and 6226?
22
Calculate the greatest common factor of 50 and 940.
10
What is the highest common factor of 57392 and 136?
136
What is the greatest common divisor of 154 and 2068?
22
Calculate the greatest common factor of 4399 and 1328.
83
Calculate the highest common factor of 15710 and 10.
10
Calculate the greatest common factor of 426 and 1846.
142
What is the greatest common divisor of 3 and 4392?
3
Calculate the greatest common divisor of 273 and 1092.
273
Calculate the highest common divisor of 6 and 15654.
6
Calculate the greatest common divisor of 231 and 3619.
77
What is the greatest common divisor of 1435 and 560?
35
What is the greatest common divisor of 230 and 138?
46
What is the highest common divisor of 1200 and 144?
48
Calculate the greatest common divisor of 120 and 70.
10
Calculate the highest common factor of 284 and 8.
4
Calculate the greatest common divisor of 2916 and 48.
12
What is the highest common divisor of 12 and 15?
3
What is the highest common divisor of 19164 and 12?
12
What is the highest common divisor of 17 and 1003?
17
What is the greatest common divisor of 8 and 22?
2
What is the highest common factor of 1935 and 18?
9
What is the highest common divisor of 184 and 16?
8
What is the greatest common divisor of 343 and 7938?
49
What is the greatest common divisor of 47 and 611?
47
Calculate the greatest common divisor of 268 and 737.
67
Calculate the highest common factor of 320 and 1216.
64
Calculate the greatest common factor of 70 and 210.
70
Calculate the greatest common divisor of 32250 and 250.
250
What is the greatest common divisor of 92 and 1403?
23
Calculate the highest common factor of 23 and 161.
23
Calculate the greatest common factor of 25 and 3.
1
What is the highest common divisor of 29 and 1711?
29
What is the highest common factor of 225 and 36?
9
What is the highest common divisor of 1020 and 60?
60
Calculate the greatest common factor of 7 and 763.
7
What is the highest common factor of 5412 and 132?
132
What is the highest common divisor of 18 and 438?
6
Calculate the greatest common factor of 560 and 60.
20
What is the greatest common factor of 112 and 154?
14
What is the greatest common factor of 95 and 57?
19
Calculate the highest common factor of 75 and 200.
25
Calculate the greatest common divisor of 3883 and 22.
11
What is the greatest common factor of 222 and 6290?
74
Calculate the greatest common factor of 884 and 68.
68
What is the highest common factor of 95 and 19?
19
What is the greatest common divisor of 736 and 69?
23
What is the highest common divisor of 1666 and 272?
34
What is the greatest common divisor of 60 and 12?
12
Calculate the greatest common factor of 60 and 100.
20
Calculate the highest common divisor of 2401 and 98.
49
Calculate the highest common factor of 1650 and 725.
25
Calculate the greatest common factor of 12 and 21.
3
Calculate the highest common divisor of 416 and 5200.
208
Calculate the greatest common factor of 28 and 5264.
28
Calculate the greatest common divisor of 1368 and 8.
8
What is the greatest common factor of 369 and 4551?
123
What is the greatest common divisor of 907 and 2?
1
Calculate the highest common factor of 34 and 357.
17
What is the greatest common divisor of 12 and 20?
4
Calculate the highest common factor of 17 and 612.
17
What is the highest common divisor of 40 and 180?
20
Calculate the greatest common divisor of 80 and 32.
16
What is the highest common factor of 78 and 104?
26
Calculate the greatest common divisor of 704 and 656.
16
Calculate the highest common factor of 8 and 10408.
8
Calculate the highest common divisor of 14 and 140.
14
What is the greatest common factor of 224 and 7?
7
Calculate the highest common divisor of 28 and 1211.
7
What is the greatest common factor of 1349 and 437?
19
Calculate the highest common factor of 5712 and 252.
84
What is the greatest common divisor of 770 and 3190?
110
What is the greatest common factor of 96 and 6432?
96
Calculate the greatest common divisor of 1000 and 24.
8
What is the greatest common factor of 290 and 1624?
58
What is the greatest common factor of 48 and 4248?
24
What is the greatest common factor of 19 and 171?
19
Calculate the highest common factor of 1125 and 27.
9
What is the greatest common factor of 16346 and 88?
22
What is the greatest common divisor of 1250 and 30?
10
What is the highest common divisor of 90 and 18030?
30
What is the greatest common divisor of 4125 and 33?
33
What is the greatest common factor of 79 and 15563?
79
What is the highest common factor of 18 and 96?
6
What is the highest common divisor of 15 and 1410?
15
Calculate the highest common factor of 1358 and 112.
14
Calculate the greatest common factor of 28 and 252.
28
Calculate the greatest common divisor of 988 and 76.
76
What is the highest common factor of 3201 and 6693?
291
Calculate the highest common divisor of 1106 and 378.
14
Calculate the greatest common factor of 85 and 425.
85
What is the highest common divisor of 56 and 70?
14
What is the highest common factor of 243 and 36?
9
Calculate the greatest common factor of 121 and 44.
11
Calculate the highest common divisor of 1444 and 76.
76
Calculate the highest common divisor of 40 and 242.
2
What is the highest common divisor of 42 and 69?
3
Calculate the highest common factor of 299 and 69.
23
Calculate the highest common factor of 210 and 120.
30
What is the greatest common divisor of 2313 and 9?
9
What is the greatest common divisor of 3237 and 26?
13
Calculate the greatest common divisor of 6 and 339.
3
What is the greatest common divisor of 21 and 525?
21
Calculate the greatest common divisor of 78 and 11518.
26
What is the highest common factor of 364 and 416?
52
Calculate the greatest common divisor of 6 and 3804.
6
Calculate the highest common divisor of 3843 and 7.
7
Calculate the highest common factor of 18 and 36.
18
Calculate the greatest common factor of 55 and 36355.
55
What is the highest common factor of 8149 and 1967?
281
What is the greatest common divisor of 1353 and 1056?
33
Calculate the greatest common factor of 306 and 663.
51
Calculate the highest common divisor of 46 and 230.
46
What is the highest common divisor of 595 and 425?
85
Calculate the highest common divisor of 419 and 1.
1
Calculate the highest common divisor of 17 and 272.
17
Calculate the highest common divisor of 5 and 695.
5
What is the greatest common divisor of 22 and 737?
11
Calculate the greatest common factor of 8106 and 21.
21
What is the highest common factor of 7552 and 8?
8
Calculate the highest common factor of 395 and 90.
5
What is the greatest common divisor of 153 and 4029?
51
What is the greatest common factor of 168 and 189?
21
What is the greatest common factor of 7708 and 656?
164
Calculate the highest common factor of 51478 and 14.
14
What is the greatest common factor of 165 and 99?
33
What is the highest c